Suppose -2*g - 4*w - 29 - 21 = 0, 0 = -4*w - 8. Let h be (73 - 1)/((-14)/g). What is the greatest common divisor of h and 12?
12
Let f(m) = -m**3 + 4*m**2 + 42*m - 69. Let a be f(8). Let d be 1/(-2) + (-354)/(-4). Calculate the highest common factor of a and d.
11
Let j(a) be the third derivative of -a**5/60 + 7*a**4/24 + 23*a**3/6 - 2*a**2 + 6. Let q be j(9). What is the highest common divisor of 95 and q?
5
Let u be (-300)/(-50)*559/6. Calculate the greatest common divisor of 258 and u.
43
Suppose 0 = 5*s + 15, 5*p - 2*p = 3*s + 39. Let g = 298 - 287. Suppose 0 = 4*h - g*h + 35. What is the highest common factor of h and p?
5
Suppose 4*y = -9*y + 962. Calculate the highest common factor of y and 74.
74
Let o be -5 + 62 + (-9)/(-3). Suppose 27 - o = -3*v. What is the greatest common divisor of 55 and v?
11
Let u be 3/2*6 - (-1)/(-1). Suppose 684 = -4*t + u*t. What is the highest common factor of t and 19?
19
Let p = -2781 + 2889. What is the greatest common divisor of 372 and p?
12
Suppose 3 + 107 = 5*j. Suppose 0 = 2*z + 4*i - 0*i + 10, -2*z + 4*i = -j. Let r be (16/(-4) + z)*-105. What is the highest common divisor of 15 and r?
15
Let w(n) = 69*n**2 - 4*n - 1. Let s be w(-1). What is the greatest common divisor of s and 8?
8
Let k = -56 + 58. Suppose -k = 7*a - 23. Calculate the greatest common factor of 3 and a.
3
Suppose 96 = 4*v - 0*v. Let c be -15*1 - (3 + -5). Let l(q) = q**3 + 15*q**2 + 18*q + 16. Let s be l(c). What is the greatest common divisor of s and v?
24
Let v(k) = k**3 + 6*k**2 - 4*k + 1. Let x be v(-6). Let z(s) = -s**3 + 11*s**2 - 9*s - 20. Let h be z(8). Calculate the greatest common divisor of x and h.
25
Let m be 140/7 + 6*4/6. Suppose 2 - 17 = -5*i. Suppose 2*c - 600 = -i*c. Calculate the highest common divisor of c and m.
24
Suppose -1490 + 500 = 10*q. Let b = q + 115. What is the greatest common divisor of 128 and b?
16
Let h(w) = -29*w - 46. Let j be h(-67). What is the greatest common divisor of 7 and j?
7
Suppose -24 = -m - 15. Suppose 164 = m*v - 7. What is the greatest common factor of 19 and v?
19
Suppose 0 = h - 37 - 20. Let p be h/(-4) - (-1)/4. Let y(x) = -x**2 - 20*x + 11. Let t be y(p). What is the greatest common factor of t and 19?
19
Let q = 35 - 47. Let l be 1/(-2)*(-55)/(-10)*q. Calculate the highest common divisor of l and 11.
11
Let j(x) = 2 + 108*x - 54*x + 23*x**2 - 56*x. Let a be j(2). Calculate the highest common divisor of 30 and a.
30
Let d(n) = 20*n + 2. Let i be d(2). Let y = 73 - -7. Suppose -f + y = 4*b, -2*b + 5*f = -14 - 48. Calculate the greatest common factor of b and i.
21
Let u be (-6)/9 + 2201/3 + -4. Calculate the highest common divisor of u and 81.
81
Let o = 1001 - 713. What is the greatest common divisor of 80 and o?
16
Let c(k) = 2 - 98*k - 2. Suppose -7*t - 2 = -5*t. Let f be c(t). Calculate the greatest common factor of f and 14.
14
Let u = 37 - -2. Let o be (u/(6/2))/1. Suppose 2*r - 16 - 10 = 0. What is the highest common divisor of r and o?
13
Let w be (1*9*-1)/(-1). Let j = -12 + 12. Suppose -z - 16 + 97 = j. Calculate the highest common divisor of z and w.
9
Let r(o) = 26*o + 28. Let g be r(3). What is the greatest common divisor of g and 2?
2
Let o(y) = -y**3 + 7*y**2 - 2*y. Let f be o(6). Let a(j) = 5*j - 2. Let b be a(4). Let m = f - b. What is the greatest common divisor of m and 6?
6
Suppose m + 0*m - 6*m = 0. Suppose -x - 451 = -m*i - 2*i, -2*i + 2*x = -452. What is the greatest common divisor of 45 and i?
45
Let f(q) = 4*q + 1. Let z be f(-1). Let k = 15 + z. Suppose 0 = c - 4*u - 64, 59 = c - 8*u + 3*u. Calculate the greatest common factor of c and k.
12
Let q be (-7 + (1 - -57))*(-2)/(-3). What is the highest common divisor of q and 119?
17
Let g(t) = -t**3 + 5*t**2 + 15*t + 5. Let c be g(7). Suppose 3*d - 6 = -c. Let b be d/1 + 2 - -140. What is the greatest common divisor of 20 and b?
20
Let f(g) = -2*g + 26. Let p be f(7). Let d be 30*-5*p/(-75). What is the greatest common factor of 264 and d?
24
Suppose -16 = -5*j + 3*j. Suppose -4*u + 48 = -j*u. Let c(i) = -2*i**2 - 27*i + 8. Let f be c(u). Calculate the greatest common factor of f and 11.
11
Let p(u) = -u**3 - 8*u**2 - 29*u - 210. Let b be p(-8). Calculate the greatest common divisor of 242 and b.
22
Let o(k) be the second derivative of k**5/20 - 13*k**4/12 - 11*k**3/6 - 15*k**2 + 7*k. Let m be o(14). Calculate the greatest common factor of 12 and m.
12
Let g be (-2*(-6)/8)/((-9)/(-84)). Let o = g + 22. Let t be (-43)/(-5) + 2/5. What is the highest common factor of o and t?
9
Suppose -3*m = -3*x - 459 + 390, 4*m + x = 97. Let g be (-42)/(-1)*(-36)/(-14). Calculate the greatest common factor of m and g.
12
Suppose 6*o + 78 = 288. What is the greatest common divisor of o and 245?
35
Suppose 4*x + 2*v - 100 = 0, -x = -115*v + 116*v - 24. Calculate the greatest common divisor of 598 and x.
26
Let j be (-257)/(-8) - (-10)/(-80). Calculate the greatest common divisor of 100 and j.
4
Let u be (92218/(-126))/(-7) + (-4)/(-9). Let d(z) = z**3 + z + 45. Let x be d(0). What is the highest common factor of u and x?
15
Suppose 23*l = 21*l + 6. Suppose l + 0 = s, -5*s = 4*i - 27. Calculate the highest common divisor of 21 and i.
3
Let g(q) = -2*q**2 + 14*q + 7. Let y be g(5). Calculate the highest common divisor of 297 and y.
27
Suppose 3*o = -l + 4*o + 100, 4*o = -2*l + 188. What is the highest common divisor of 1568 and l?
98
Let p = -215 - -264. What is the greatest common divisor of p and 35?
7
Suppose -4 = -4*m, -3*r + 48 = -33*m + 30*m. Calculate the greatest common divisor of 119 and r.
17
Suppose 62*u - 61*u - 387 = -4*w, 0 = 4*u - w - 1616. What is the highest common divisor of 13 and u?
13
Let h be -9*8/(-36)*6. Let v be 32 - (-3)/h*-4. Suppose w + v = 4*g, -4*w + 20 = -0*w. What is the greatest common divisor of g and 6?
3
Let y(k) = 5*k - 8. Let r be y(2). Suppose -173 = -r*l + 121. Let q be -7*(0 - 6/2). What is the greatest common divisor of q and l?
21
Suppose -6*u + 80 = -5*u + 2*a, 2*u = 2*a + 130. What is the greatest common factor of 10 and u?
10
Suppose 13*z = 8*z. Let h(i) = i**3 + 17. Let f be h(z). Calculate the greatest common factor of f and 153.
17
Suppose 4*d - 2*k = -148, -k + 3*k = -3*d - 111. Let t = 3 + 50. Let g = d + t. What is the greatest common factor of g and 112?
16
Suppose -4*c = c - 735. Let t(p) = -p**3 - 9*p**2 + 2. Let g be t(-9). Let z be g/10 - (-1560)/75. What is the greatest common factor of z and c?
21
Let y be ((-1)/(3/6))/(4/(-22)). Let k = 25 + 96. What is the highest common factor of k and y?
11
Suppose 5*k - 12 = 3*k. Suppose -30*s + 46 + 194 = 0. What is the greatest common factor of s and k?
2
Let y = -4658 - -4726. Suppose 4*w = 38 + 98. What is the highest common divisor of w and y?
34
Let o be (44/(-6))/(8/72*-6). Calculate the highest common divisor of 11 and o.
11
Let j = -527 + 572. Let u(y) = 10*y**3 - 2*y + 1. Let t be u(1). What is the highest common factor of j and t?
9
Let a(b) = -5*b. Let m(i) = 5*i. Let w(y) = 6*a(y) + 7*m(y). Let h be 3 + 3/(6/8) + -4. Let z be w(h). What is the highest common factor of 15 and z?
15
Suppose 0 = 5*j - j - 16. Suppose 4*r - 248 = -0*z - j*z, -5*r + 295 = 2*z. Suppose -4*c + r = 5. Calculate the highest common factor of 91 and c.
13
Suppose 22*x - 500 = 17*x. Suppose -4*l = -4*y + x, 2*y + 3*y = -4*l + 170. Calculate the greatest common factor of 12 and y.
6
Suppose -4*x - 1 = -37. Let i = 23 + 49. What is the greatest common divisor of x and i?
9
Let l(k) = 98*k + 4. Let s be l(2). Let p = s - 120. Calculate the greatest common divisor of 16 and p.
16
Let l be 3 + 32/(-12) + (-22)/(-6). Suppose -4*m + 3*m + 3*y + 75 = 0, 0 = -3*m - l*y + 173. What is the highest common factor of 21 and m?
21
Suppose -7*b = -5*b. Suppose 1 = i, b*i = 5*j + 3*i - 28. Suppose -5*v - 3*o + 55 = o, 0 = v - j*o - 40. What is the highest common factor of 45 and v?
15
Let v be (-3)/(-6)*(32 + 2). Suppose -p + 5 = -v. Let g = p - 17. Calculate the highest common factor of 20 and g.
5
Let n(x) be the third derivative of -x**6/120 - 4*x**5/15 + 17*x**4/24 + 4*x**3/3 - 13*x**2. Let y be n(-17). What is the greatest common factor of y and 8?
8
Let p be -5 - -7 - 8/2. Let m be (-1)/p*-6 + 16 + 0. What is the greatest common factor of m and 91?
1